{"id":230,"date":"2022-12-21T01:46:24","date_gmt":"2022-12-21T01:46:24","guid":{"rendered":"https:\/\/certcons.com\/?page_id=230"},"modified":"2023-01-17T18:22:52","modified_gmt":"2023-01-17T18:22:52","slug":"estrategia-de-marketing","status":"publish","type":"page","link":"https:\/\/certcons.com\/index.php\/estrategia-de-marketing\/","title":{"rendered":"Estrategia de marketing"},"content":{"rendered":"<p>[et_pb_section fb_built=&#8221;1&#8243; _builder_version=&#8221;4.18.0&#8243; _module_preset=&#8221;default&#8221; global_colors_info=&#8221;{}&#8221;][et_pb_row column_structure=&#8221;1_2,1_2&#8243; _builder_version=&#8221;4.18.0&#8243; _module_preset=&#8221;default&#8221; global_colors_info=&#8221;{}&#8221;][et_pb_column type=&#8221;1_2&#8243; _builder_version=&#8221;4.18.0&#8243; _module_preset=&#8221;default&#8221; global_colors_info=&#8221;{}&#8221;][et_pb_text _builder_version=&#8221;4.18.0&#8243; _module_preset=&#8221;default&#8221; global_colors_info=&#8221;{}&#8221;]<\/p>\n<h6>Marketing Strategy Associate<\/h6>\n<p>[\/et_pb_text][et_pb_image src=&#8221;https:\/\/certcons.com\/wp-content\/uploads\/2023\/01\/desktop-on-table-in-an-office-scaled.jpg&#8221; alt=&#8221;Marketing Strategy Associate- Certcons&#8221; title_text=&#8221;Marketing Strategy Associate Certcons&#8221; _builder_version=&#8221;4.18.0&#8243; _module_preset=&#8221;default&#8221; hover_enabled=&#8221;0&#8243; border_radii=&#8221;on|5px|5px|5px|5px&#8221; global_colors_info=&#8221;{}&#8221; sticky_enabled=&#8221;0&#8243; height=&#8221;310px&#8221;][\/et_pb_image][et_pb_text _builder_version=&#8221;4.18.0&#8243; _module_preset=&#8221;default&#8221; global_colors_info=&#8221;{}&#8221;]<\/p>\n<p>Los participantes se familiarizar\u00e1n con los conceptos clave de la estrategia de marketing y\u00a0tambi\u00e9n adquirir\u00e1n una comprensi\u00f3n b\u00e1sica de c\u00f3mo el marco de la estrategia de marketing ayuda a gestionar eficazmente los esfuerzos de ventas y marketing en cualquier organizaci\u00f3n.<br \/>cualquier organizaci\u00f3n.<\/p>\n<p>[\/et_pb_text][et_pb_button button_url=&#8221;https:\/\/certcons.com\/index.php\/marketing-strategy-associate\/&#8221; button_text=&#8221;Tomar curso&#8221; _builder_version=&#8221;4.18.0&#8243; _module_preset=&#8221;default&#8221; global_colors_info=&#8221;{}&#8221;][\/et_pb_button][\/et_pb_column][et_pb_column type=&#8221;1_2&#8243; _builder_version=&#8221;4.18.0&#8243; _module_preset=&#8221;default&#8221; global_colors_info=&#8221;{}&#8221;][et_pb_text _builder_version=&#8221;4.18.0&#8243; _module_preset=&#8221;default&#8221; global_colors_info=&#8221;{}&#8221;]<\/p>\n<h6>Marketing Strategy Expert<\/h6>\n<p>[\/et_pb_text][et_pb_image src=&#8221;https:\/\/certcons.com\/wp-content\/uploads\/2023\/01\/marketing-plan-achievement-strategy-scaled.jpg&#8221; alt=&#8221;Marketing Strategy Expert- Certcons&#8221; title_text=&#8221;Marketing Strategy Expert- Certcons&#8221; _builder_version=&#8221;4.18.0&#8243; _module_preset=&#8221;default&#8221; border_radii=&#8221;on|5px|5px|5px|5px&#8221; global_colors_info=&#8221;{}&#8221;][\/et_pb_image][et_pb_text _builder_version=&#8221;4.18.0&#8243; _module_preset=&#8221;default&#8221; global_colors_info=&#8221;{}&#8221;]<\/p>\n<p>Los participantes podr\u00e1n definir la propuesta de valor \u00fanica de un producto o marca y estrategias para conectar con p\u00fablicos definidos. Tambi\u00e9n podr\u00e1n especificar las estrategias generales de fijaci\u00f3n de precios y distribuci\u00f3n del producto o la marca, y esbozar los objetivos, m\u00e9tricas y presupuestos de todas las actividades de marketing, y presupuestos para todas las actividades de marketing.<\/p>\n<p>[\/et_pb_text][et_pb_button button_url=&#8221;https:\/\/certcons.com\/index.php\/marketing-strategy-expert\/&#8221; button_text=&#8221;Tomar curso&#8221; _builder_version=&#8221;4.18.0&#8243; _module_preset=&#8221;default&#8221; global_colors_info=&#8221;{}&#8221;][\/et_pb_button][\/et_pb_column][\/et_pb_row][et_pb_row column_structure=&#8221;1_2,1_2&#8243; _builder_version=&#8221;4.18.0&#8243; _module_preset=&#8221;default&#8221; global_colors_info=&#8221;{}&#8221;][et_pb_column type=&#8221;1_2&#8243; _builder_version=&#8221;4.18.0&#8243; _module_preset=&#8221;default&#8221; global_colors_info=&#8221;{}&#8221;][et_pb_text _builder_version=&#8221;4.18.0&#8243; _module_preset=&#8221;default&#8221; global_colors_info=&#8221;{}&#8221;]<\/p>\n<h6>Marketing Strategy Professional<\/h6>\n<p>[\/et_pb_text][et_pb_image src=&#8221;https:\/\/certcons.com\/wp-content\/uploads\/2023\/01\/closeup-of-caucasian-man-drinking-coffee-with-computer-screen-showing-marketing-strategy-scaled.jpg&#8221; alt=&#8221;Marketing Strategy Professional- Certcons &#8221; title_text=&#8221;Marketing Strategy Professional- Certcons &#8221; _builder_version=&#8221;4.18.0&#8243; _module_preset=&#8221;default&#8221; border_radii=&#8221;on|5px|5px|5px|5px&#8221; global_colors_info=&#8221;{}&#8221;][\/et_pb_image][et_pb_text _builder_version=&#8221;4.18.0&#8243; _module_preset=&#8221;default&#8221; global_colors_info=&#8221;{}&#8221;]<\/p>\n<p>Los participantes podr\u00e1n definir la propuesta de valor \u00fanica de un producto o marca y estrategias para conectar con audiencias definidas&#8230;<\/p>\n<p>[\/et_pb_text][et_pb_button button_url=&#8221;https:\/\/certcons.com\/index.php\/marketing-strategy-professional\/&#8221; button_text=&#8221;Tomar curso&#8221; _builder_version=&#8221;4.18.0&#8243; _module_preset=&#8221;default&#8221; global_colors_info=&#8221;{}&#8221;][\/et_pb_button][\/et_pb_column][et_pb_column type=&#8221;1_2&#8243; _builder_version=&#8221;4.18.0&#8243; _module_preset=&#8221;default&#8221; global_colors_info=&#8221;{}&#8221;][et_pb_text _builder_version=&#8221;4.18.0&#8243; _module_preset=&#8221;default&#8221; global_colors_info=&#8221;{}&#8221;]<\/p>\n<h6>Marketing Strategy Specialist<\/h6>\n<p>[\/et_pb_text][et_pb_image src=&#8221;https:\/\/certcons.com\/wp-content\/uploads\/2023\/01\/top-view-of-manager-woman-analyzing-financial-paperwork-strategy-typing-expertise-on-laptop-scaled.jpg&#8221; alt=&#8221;Marketing Strategy Specialist- Certcons&#8221; title_text=&#8221;Marketing Strategy Specialist &#8211; Certcons&#8221; _builder_version=&#8221;4.18.0&#8243; _module_preset=&#8221;default&#8221; hover_enabled=&#8221;0&#8243; border_radii=&#8221;on|5px|5px|5px|5px&#8221; global_colors_info=&#8221;{}&#8221; sticky_enabled=&#8221;0&#8243;][\/et_pb_image][et_pb_text _builder_version=&#8221;4.18.0&#8243; _module_preset=&#8221;default&#8221; global_colors_info=&#8221;{}&#8221;]<\/p>\n<p>Los participantes podr\u00e1n definir la propuesta de valor \u00fanica de un producto o marca y estrategias para conectar con audiencias definidas. Tambi\u00e9n podr\u00e1n especificar las estrategias generales de fijaci\u00f3n de precios y distribuci\u00f3n del producto o la marca, y esbozar los objetivos, m\u00e9tricas y presupuestos de todas las estrategias de marketing, y presupuestos para todas las actividades de marketing.<\/p>\n<p>[\/et_pb_text][et_pb_button button_url=&#8221;https:\/\/certcons.com\/index.php\/marketing-strategy-specialist\/&#8221; button_text=&#8221;Tomar curso&#8221; _builder_version=&#8221;4.18.0&#8243; _module_preset=&#8221;default&#8221; global_colors_info=&#8221;{}&#8221;][\/et_pb_button][\/et_pb_column][\/et_pb_row][\/et_pb_section]<\/p>\n","protected":false},"excerpt":{"rendered":"<p>Marketing Strategy AssociateLos participantes se familiarizar\u00e1n con los conceptos clave de la estrategia de marketing y\u00a0tambi\u00e9n adquirir\u00e1n una comprensi\u00f3n b\u00e1sica de c\u00f3mo el marco de la estrategia de marketing ayuda a gestionar eficazmente los esfuerzos de ventas y marketing en cualquier organizaci\u00f3n.cualquier organizaci\u00f3n.Marketing Strategy ExpertLos participantes podr\u00e1n definir la propuesta de valor \u00fanica de un [&hellip;]<\/p>\n","protected":false},"author":1,"featured_media":0,"parent":0,"menu_order":0,"comment_status":"closed","ping_status":"closed","template":"","meta":{"_et_pb_use_builder":"on","_et_pb_old_content":"","_et_gb_content_width":""},"_links":{"self":[{"href":"https:\/\/certcons.com\/index.php\/wp-json\/wp\/v2\/pages\/230"}],"collection":[{"href":"https:\/\/certcons.com\/index.php\/wp-json\/wp\/v2\/pages"}],"about":[{"href":"https:\/\/certcons.com\/index.php\/wp-json\/wp\/v2\/types\/page"}],"author":[{"embeddable":true,"href":"https:\/\/certcons.com\/index.php\/wp-json\/wp\/v2\/users\/1"}],"replies":[{"embeddable":true,"href":"https:\/\/certcons.com\/index.php\/wp-json\/wp\/v2\/comments?post=230"}],"version-history":[{"count":7,"href":"https:\/\/certcons.com\/index.php\/wp-json\/wp\/v2\/pages\/230\/revisions"}],"predecessor-version":[{"id":740,"href":"https:\/\/certcons.com\/index.php\/wp-json\/wp\/v2\/pages\/230\/revisions\/740"}],"wp:attachment":[{"href":"https:\/\/certcons.com\/index.php\/wp-json\/wp\/v2\/media?parent=230"}],"curies":[{"name":"wp","href":"https:\/\/api.w.org\/{rel}","templated":true}]}}